it of q?
6
Let y = -7 + 10. Suppose 2*x = -0*x + 6, 5*x + 57 = y*z. What is the tens digit of z?
2
Suppose -i = -0*i, 3*i = 2*o - 64. What is the units digit of o?
2
Suppose -4 = 2*l - d, 3*d + 6 = -l - 10. Let u(i) = 2*i**2 - 9*i - 1. Let m be u(4). Let n = l - m. What is the units digit of n?
1
Let q(k) = -k - 2. Let m be q(-4). Suppose -m*r + 3*r = 44. What is the tens digit of r?
4
Let y = 33 - 19. Suppose 5*b - 6 - 6 = -3*x, 5*x - 3*b = -y. What is the units digit of 1 + (10 - x) - -3?
5
Suppose -8 = -2*h + 3*h. What is the units digit of (-3 + 1/4)*h?
2
Suppose -4 - 12 = -4*s. Let m(h) = -h + 8. What is the units digit of m(s)?
4
Let c(z) = -z**3 - 7*z**2 + z + 10. Let h(a) = 2*a + 1. Let k be h(3). Let j be (k/(-2))/(2/4). What is the units digit of c(j)?
3
Let g be (-2)/(-5) + (-92)/(-20). Let f(p) = 2*p + 7 - 2*p**2 - 2*p**2 + 5*p**2 - 8*p. What is the units digit of f(g)?
2
Let q = 478 + -294. What is the units digit of q?
4
Suppose 4 + 1 = 5*f, -5*x - 17 = 3*f. Let c = x + 4. Let t = c + 2. What is the units digit of t?
2
What is the units digit of ((-53)/2)/(4 + 45/(-10))?
3
Let g(h) = -h**2 - 5*h - 4. Let q be g(-3). Let u be 0 - ((q - 1) + -3). Suppose -t - u = -13. What is the tens digit of t?
1
Suppose 0 = -g - 3 + 6. Suppose 0*h + g = h. Suppose o - h*l - 14 = 0, l = o - 0 - 12. What is the tens digit of o?
1
Let b = -9 - -21. What is the tens digit of b?
1
Let x(n) = -n - 1. Let w be x(-1). Suppose 0 = -w*f - 4*f + 108. What is the tens digit of f?
2
Let n(m) = -5*m + 6. Let y(x) = 4*x - 6. Suppose -4*w + w - 18 = 0. Let r(b) = w*y(b) - 5*n(b). What is the units digit of r(0)?
6
Suppose 3*j + 4*v - 9 = 7, -20 = -2*j + 2*v. Let u = -2 + j. What is the units digit of u?
6
What is the hundreds digit of 10*(-15)/50*-96?
2
Let k(f) = 30*f**2 - 4*f + 2. What is the hundreds digit of k(3)?
2
Let h be 2 + 24*4/6. Suppose u + h = 3*u. What is the units digit of u?
9
Let f be 2*(3 - 11/(-2)). Let a = f + -9. Let c = a + -7. What is the units digit of c?
1
Suppose 26 - 6 = 4*o. Suppose o*x + 4*u = -39 + 117, -5*x + 4*u + 62 = 0. What is the tens digit of x?
1
Let k(v) = -v**3 + 7*v**2 + 10*v + 4. What is the tens digit of k(8)?
2
Let q(s) = 5*s**2 - s + 1. Let l be q(2). Suppose 0 = -5*u - 10, -x + u = -9 + 3. Suppose l = x*z - 17. What is the units digit of z?
9
Let a = -3 - -5. What is the units digit of a?
2
Suppose 0 = -4*y + 5*a - a + 20, 5*y = 4*a + 22. Let o(h) = h**2 - 4*h + 4. Let f be o(3). What is the units digit of (14/f)/(0 + y)?
7
Suppose 3*o - 39 = -3. Suppose 5*j + o = j, 4*m = 5*j + 203. What is the tens digit of m?
4
Let g(c) = c + 9. Let u be g(-8). What is the tens digit of u*-4 + 2 + 25?
2
Let d(r) = r**2 + 5*r + 6. Let x be d(-4). What is the tens digit of x - (1 - (12 + -2))?
1
Suppose 5*w - 2*a - 59 = 0, 2*w = 5*w + 5*a - 54. What is the tens digit of (w/3)/(1/3)?
1
Let v be (-24)/(3 + -6) - 3. Suppose p - 2*r = v*p - 152, p - 35 = -2*r. Let a = p + -27. What is the tens digit of a?
1
Let x be (6/(-8))/((-2)/80). Let t be ((-4)/(-10))/((-3)/x). What is the units digit of (24/14)/(t/(-28))?
2
Suppose q = -3*q + 16. Let g = 9 - q. Suppose -4*t - t - 5 = -g*h, 5*t - 30 = -2*h. What is the units digit of t?
4
Suppose 0*r + 3*c + 37 = 5*r, 2*c + 28 = 4*r. Suppose 3*f = -r + 17. Let d(o) = -o**2 + 6*o - 1. What is the units digit of d(f)?
7
Let v(s) = -s**3 + s**2 + 1. Let y be v(2). Let w(t) = -t**3 - 3*t**2 - t - 1. What is the units digit of w(y)?
2
Suppose -2*g - 3*g + 15 = 0, -5*r - 3*g + 264 = 0. What is the units digit of r?
1
Let a = 27 + -23. Let u = 6 + a. What is the tens digit of u?
1
Let m(k) = -48*k + 9. Let u be m(-2). Let n = 0 + 5. Suppose -5*h - 5*p + 0*p + u = 0, n*p = h + 9. What is the tens digit of h?
1
Let t(h) = 3*h + 12*h**2 - 3*h**2 - 6*h + 1 + h. Let w be (-1 - 1)*2/(-4). What is the units digit of t(w)?
8
Suppose 7*i = 4*i + 9. What is the units digit of 13 - i/9*3?
2
Let y(g) = -g**3 - 2*g**2 + g - 9. Let m(t) = -2*t**3 - 5*t**2 + 3*t - 17. Let b(h) = 6*m(h) - 11*y(h). What is the tens digit of b(-9)?
1
Suppose g + 4*f = f + 37, 3*g = -f + 95. What is the units digit of g?
1
Let p = -7 - -4. What is the units digit of (p + 28 - -1)/2?
3
Let l be ((23 - 2)/3)/1. Let o(x) = -2 - 2 + 2*x - 2. What is the units digit of o(l)?
8
Suppose 0 = i - 5 + 4. Suppose -4*y = i - 13. Suppose r - 2*z = 12, -y*r + 5*z + 19 + 12 = 0. What is the units digit of r?
2
Let s(h) = h - 13. Let u(d) = d - 13. Let b(l) = 2*s(l) - 3*u(l). What is the units digit of b(10)?
3
What is the units digit of 3/(-4) + (-1897)/(-28)?
7
Suppose 7*c + 163 = 856. What is the units digit of c?
9
Let x = 1 + -5. Let i(q) = -q - 2*q + q - 2. What is the units digit of i(x)?
6
Let o be 0/(3 - 6)*-1. Let l = 6 - o. What is the units digit of l?
6
Suppose 4*n - 19*n = -3915. What is the hundreds digit of n?
2
Let u = -75 - -118. What is the units digit of u?
3
Let m be (-15)/(-4) + (-15)/(-60). Suppose -c + 0 = -m. What is the units digit of c?
4
Suppose 2*i + 5 = -0*z - z, -2*i = 2*z + 6. Suppose -3*g - 5 - 7 = 0. Let l = i - g. What is the units digit of l?
2
Let g = -8 + 16. What is the units digit of g?
8
Let a = 222 - 59. Suppose -a = -4*x - 55. What is the units digit of x?
7
Suppose 4*n = 3*n + 25. Let q = n + -10. What is the tens digit of q?
1
Suppose -n + 3*w + 179 = n, -n + 87 = -w. Suppose -52 = -2*g - 4*m, -5*g + 0*m + 2*m + n = 0. What is the units digit of g?
8
Let q = -49 - -35. Let o = q + 27. What is the tens digit of o?
1
Suppose -5*x + 4 = -1. What is the units digit of x?
1
What is the tens digit of 106 + -1 - 0 - -4?
0
Let z be (-6)/(2 + 7/(-2)). What is the units digit of (-76)/(-8) + (-2)/z?
9
Suppose -4*a + 26 + 2 = 0. Suppose 3*i = -6, 3*t + 24 = a*t - 4*i. What is the units digit of t?
4
Suppose 13*h = 11*h + 240. What is the units digit of h?
0
What is the tens digit of ((-76)/(-1) + 5)*1/1?
8
Suppose 5*j + 17 = 6*j. Suppose -j = 3*i - 59. What is the tens digit of i?
1
Let g be -2 + (3 - (-1 - -2)). Suppose -2*b + 66 = 4*v - 40, 5*v - 3*b - 160 = g. What is the tens digit of v?
2
Let q be 2/3*(5 - -1). Suppose -2*u - u + q*h = 6, -2*u - 2 = -2*h. Let o = u - 1. What is the units digit of o?
1
Suppose -5*z - 5*r = -90, -5*r - 45 = -3*z + 9. What is the tens digit of z?
1
Let p(k) be the third derivative of k**4/6 + k**3/3 - 4*k**2. What is the tens digit of p(5)?
2
Let i = 2 + 4. Let x(b) = b + 5. What is the units digit of x(i)?
1
Let w(y) be the third derivative of y**6/120 - y**5/6 - 3*y**4/8 - 11*y**3/6 + 3*y**2. What is the tens digit of w(11)?
1
What is the units digit of (-30)/12 + 71/2?
3
Suppose 2*i + j + 92 = 0, -2*i = 2*j + 34 + 58. Let h = -13 - i. What is the units digit of h?
3
Let r(w) be the first derivative of -w**3/3 + 5*w**2 - 3*w + 4. What is the units digit of r(5)?
2
Suppose -3*a = -5*x - 2, -4*x - 14 = -5*a + 11. Let b = 11 - a. Suppose 20 = u + 2*u + b*i, -2*i = -u + 12. What is the units digit of u?
8
Let g = -35 - -60. What is the tens digit of g?
2
Suppose 3*f + 7 = -29. What is the units digit of (15 + f)*11/3?
1
Suppose -5*q - q + 984 = 0. What is the tens digit of q?
6
Suppose 8*h = 9*h - 56. What is the tens digit of h?
5
Let z(m) be the first derivative of m**3/3 + 7*m**2/2 + 8*m - 5. Let d be z(-6). Suppose 27 = 4*u - a, -2*u + a = -d - 11. What is the units digit of u?
7
Let z(n) = -n - 3. Let d be z(-5). Suppose -d*i + 7*i - 31 = -b, -3*i + 45 = 5*b. What is the units digit of b?
6
Let a(w) = -2*w**3 + 5*w + 4. Let y be a(-3). Suppose 0 = -5*n + 7 + y. What is the units digit of n?
0
Let h(o) = -5*o - 2. Suppose 2*p + 2 = 4. Suppose q = p - 5. What is the tens digit of h(q)?
1
Suppose -4*k - 5*s - 74 - 5 = 0, k + 2*s = -22. Let p = k + 24. Suppose 12 = 5*c - p. What is the units digit of c?
4
What is the units digit of 4/8*1*18?
9
Let y = -69 - -105. Let v be (y/8)/(1/(-2)). What is the units digit of 30/v*3/(-2)?
5
Let b(j) = j**3 - 5*j**2 + 6*j - 6. Let c be b(4). Suppose 4*l = 5*w + 16, c*w = -l + 2*l - 4. What is the tens digit of 14 + 3/(-1) + w?
1
Let j(u) = u**3 - 2*u**2 - u + 2. Let i be j(2). Suppose s - 4*g - 7 = i, -3*s - 13 = -7*s + g. Let a(m) = -m**2 + 4*m + 4. What is the units digit of a(s)?
7
Let f(m) = m**3 - 7*m**2 + 2*m - 7. What is the units digit 